late the greatest common factor of 2964 and 108.
12
What is the highest common divisor of 978 and 114?
6
What is the highest common factor of 54 and 3429?
27
Calculate the greatest common factor of 222 and 22718.
74
What is the greatest common divisor of 4756 and 28?
4
What is the greatest common factor of 245 and 27930?
245
Calculate the greatest common factor of 832 and 13.
13
Calculate the highest common divisor of 4378 and 22.
22
What is the highest common divisor of 5 and 5815?
5
What is the highest common factor of 504 and 1644?
12
Calculate the highest common factor of 63 and 1981.
7
Calculate the highest common factor of 26 and 40300.
26
What is the highest common divisor of 60 and 4?
4
Calculate the highest common divisor of 240 and 390.
30
What is the highest common factor of 5181 and 165?
33
What is the highest common factor of 169 and 338?
169
Calculate the highest common divisor of 21 and 10101.
21
Calculate the highest common divisor of 2176 and 68.
68
Calculate the greatest common factor of 13786 and 244.
122
Calculate the greatest common factor of 837 and 496.
31
What is the highest common divisor of 12 and 27276?
12
Calculate the highest common factor of 1178 and 114.
38
What is the greatest common factor of 11985 and 255?
255
What is the highest common factor of 3483 and 43?
43
Calculate the greatest common factor of 642 and 7276.
214
What is the greatest common factor of 139 and 19043?
139
Calculate the highest common factor of 77 and 979.
11
What is the greatest common factor of 10 and 4630?
10
What is the highest common divisor of 178 and 5340?
178
What is the highest common factor of 9256 and 32?
8
What is the greatest common factor of 7 and 161?
7
What is the greatest common factor of 4 and 698?
2
What is the highest common divisor of 630 and 70?
70
What is the highest common divisor of 3075 and 225?
75
What is the greatest common factor of 55 and 320?
5
What is the highest common factor of 3723 and 876?
219
What is the highest common factor of 55 and 55?
55
What is the greatest common factor of 2524 and 28?
4
Calculate the greatest common factor of 522 and 116.
58
Calculate the greatest common divisor of 3805 and 10.
5
What is the greatest common divisor of 1695 and 30?
15
Calculate the greatest common divisor of 35 and 917.
7
What is the greatest common factor of 2937 and 4539?
267
Calculate the highest common divisor of 31092 and 48.
12
What is the highest common divisor of 19 and 17?
1
Calculate the greatest common factor of 76 and 72.
4
What is the highest common divisor of 84 and 4074?
42
Calculate the highest common divisor of 55 and 1375.
55
What is the greatest common divisor of 1518 and 92?
46
Calculate the highest common divisor of 15020 and 5.
5
What is the greatest common divisor of 2650 and 318?
106
Calculate the greatest common divisor of 2181 and 9.
3
Calculate the highest common divisor of 3616 and 791.
113
What is the highest common factor of 7 and 224?
7
What is the greatest common divisor of 47 and 97243?
47
Calculate the greatest common factor of 42 and 3514.
14
Calculate the greatest common divisor of 228 and 28956.
228
Calculate the highest common divisor of 33319 and 466.
233
What is the greatest common factor of 45 and 63?
9
Calculate the highest common factor of 871 and 39.
13
What is the greatest common divisor of 594 and 54?
54
Calculate the greatest common factor of 35780 and 20.
20
Calculate the highest common divisor of 36 and 414.
18
What is the highest common divisor of 124 and 279?
31
Calculate the greatest common divisor of 174 and 798.
6
What is the greatest common divisor of 92400 and 50?
50
Calculate the highest common divisor of 15 and 45.
15
What is the greatest common divisor of 147 and 18?
3
What is the greatest common divisor of 496 and 31?
31
Calculate the highest common divisor of 854 and 42.
14
Calculate the highest common factor of 795 and 60.
15
Calculate the greatest common factor of 6084 and 546.
78
What is the greatest common divisor of 756 and 1071?
63
What is the highest common divisor of 7154 and 196?
98
What is the greatest common factor of 143 and 2444?
13
Calculate the greatest common factor of 17811 and 9.
9
What is the highest common factor of 539 and 11?
11
Calculate the highest common divisor of 54 and 30.
6
What is the highest common factor of 952 and 896?
56
What is the greatest common divisor of 1692 and 144?
36
What is the greatest common divisor of 6 and 6342?
6
Calculate the highest common factor of 154 and 1463.
77
Calculate the highest common factor of 135 and 180.
45
Calculate the highest common factor of 162 and 864.
54
Calculate the greatest common factor of 1690 and 650.
130
What is the greatest common factor of 550 and 22?
22
Calculate the greatest common divisor of 2065 and 175.
35
Calculate the highest common divisor of 43 and 3397.
43
What is the greatest common divisor of 375 and 5875?
125
What is the highest common divisor of 150 and 525?
75
Calculate the greatest common factor of 40 and 440.
40
Calculate the highest common divisor of 89 and 6319.
89
Calculate the highest common factor of 775 and 1519.
31
What is the greatest common divisor of 931 and 2989?
49
What is the greatest common divisor of 19 and 361?
19
Calculate the highest common factor of 20 and 16.
4
What is the greatest common factor of 122 and 793?
61
What is the highest common factor of 451 and 533?
41
Calculate the highest common divisor of 17 and 35938.
17
What is the highest common factor of 1794 and 230?
46
What is the highest common factor of 195 and 120?
15
Calculate the highest common divisor of 2421 and 9.
9
Calculate the highest common factor of 18 and 2322.
18
Calculate the greatest common divisor of 25 and 2190.
5
What is the greatest common divisor of 18543 and 21?
21
What is the highest common divisor of 72 and 954?
18
What is the greatest common factor of 24815 and 7?
7
What is the greatest common divisor of 63 and 10815?
21
What is the greatest common divisor of 185 and 629?
37
Calculate the highest common divisor of 1804 and 11.
11
Calculate the highest common divisor of 5 and 705.
5
What is the highest common factor of 618 and 78?
6
What is the greatest common divisor of 34848 and 18?
18
What is the highest common factor of 70 and 270?
10
What is the highest common factor of 1525 and 61?
61
What is the highest common factor of 5 and 13?
1
Calculate the greatest common factor of 64 and 92.
4
Calculate the greatest common factor of 24 and 156.
12
What is the greatest common divisor of 99 and 627?
33
Calculate the greatest common divisor of 76755 and 51.
51
Calculate the greatest common divisor of 16758 and 1026.
342
Calculate the highest common divisor of 280 and 56.
56
Calculate the highest common divisor of 560 and 880.
80
Calculate the greatest common divisor of 1600 and 64.
64
Calculate the greatest common factor of 4640 and 320.
160
Calculate the greatest common divisor of 294 and 21.
21
What is the highest common divisor of 248 and 1552?
8
Calculate the greatest common divisor of 1113 and 21.
21
What is the greatest common factor of 80 and 100?
20
Calculate the greatest common factor of 201 and 12931.
67
Calculate the greatest common divisor of 507 and 351.
39
What is the greatest common factor of 427 and 122?
61
Calculate the greatest common factor of 3038 and 784.
98
What is the highest common divisor of 305 and 190?
5
What is the greatest common factor of 18 and 567?
9
Calculate the greatest common factor of 656 and 304.
16
What is the highest common divisor of 305 and 244?
61
What is the highest common factor of 27 and 63?
9
Calculate the highest common factor of 15 and 5295.
15
Calculate the highest common factor of 165 and 11.
11
Calculate the greatest common divisor of 621 and 69.
69
What is the greatest common divisor of 57 and 82821?
57
What is the highest common divisor of 5203 and 726?
121
Calculate the greatest common factor of 21060 and 520.
260
What is the greatest common factor of 198 and 330?
66
Calculate the highest common factor of 209 and 2641.
19
What is the greatest common divisor of 28 and 2506?
14
What is the greatest common factor of 66 and 22?
22
What is the highest common factor of 5220 and 20?
20
Calculate the highest common